6811 is divided by 153?
149
What is the remainder when 170972 is divided by 11?
10
What is the remainder when 1000 is divided by 139?
27
Calculate the remainder when 3259 is divided by 147.
25
What is the remainder when 43448 is divided by 205?
193
What is the remainder when 402273 is divided by 1219?
3
What is the remainder when 12144 is divided by 1072?
352
Calculate the remainder when 22306 is divided by 449.
305
What is the remainder when 302942 is divided by 53?
47
Calculate the remainder when 72330 is divided by 1010.
620
What is the remainder when 58779 is divided by 176?
171
What is the remainder when 1390 is divided by 209?
136
What is the remainder when 288986 is divided by 570?
566
What is the remainder when 355288 is divided by 118428?
4
What is the remainder when 111453 is divided by 37138?
39
Calculate the remainder when 955929 is divided by 148.
145
What is the remainder when 20796 is divided by 524?
360
Calculate the remainder when 91522 is divided by 668.
6
What is the remainder when 12397 is divided by 248?
245
What is the remainder when 3746 is divided by 311?
14
What is the remainder when 468429 is divided by 368?
333
What is the remainder when 513 is divided by 92?
53
Calculate the remainder when 53125 is divided by 29.
26
Calculate the remainder when 1120 is divided by 918.
202
What is the remainder when 2203 is divided by 537?
55
Calculate the remainder when 945232 is divided by 117.
106
Calculate the remainder when 59678 is divided by 29785.
108
What is the remainder when 1455 is divided by 181?
7
Calculate the remainder when 1453 is divided by 208.
205
What is the remainder when 18049 is divided by 4511?
5
Calculate the remainder when 2867 is divided by 171.
131
Calculate the remainder when 463758 is divided by 681.
678
What is the remainder when 1855 is divided by 1775?
80
Calculate the remainder when 3306 is divided by 686.
562
Calculate the remainder when 4561 is divided by 229.
210
Calculate the remainder when 44540 is divided by 7423.
2
Calculate the remainder when 21623 is divided by 99.
41
Calculate the remainder when 8506 is divided by 87.
67
Calculate the remainder when 6687 is divided by 3327.
33
Calculate the remainder when 8273 is divided by 2655.
308
What is the remainder when 68478 is divided by 3?
0
Calculate the remainder when 1142701 is divided by 1409.
2
Calculate the remainder when 338 is divided by 127.
84
Calculate the remainder when 12004 is divided by 124.
100
Calculate the remainder when 42976 is divided by 10738.
24
Calculate the remainder when 10596 is divided by 10586.
10
What is the remainder when 69306 is divided by 106?
88
What is the remainder when 167899 is divided by 100?
99
What is the remainder when 1167 is divided by 27?
6
What is the remainder when 527890 is divided by 1872?
1858
Calculate the remainder when 484 is divided by 25.
9
What is the remainder when 37071 is divided by 68?
11
Calculate the remainder when 2879 is divided by 1382.
115
Calculate the remainder when 24432 is divided by 4881.
27
Calculate the remainder when 31433 is divided by 1253.
108
What is the remainder when 20914 is divided by 20?
14
Calculate the remainder when 76264 is divided by 930.
4
Calculate the remainder when 10765 is divided by 884.
157
Calculate the remainder when 1275 is divided by 23.
10
What is the remainder when 301 is divided by 20?
1
Calculate the remainder when 30199 is divided by 40.
39
Calculate the remainder when 1709 is divided by 16.
13
Calculate the remainder when 19561 is divided by 1302.
31
What is the remainder when 2667 is divided by 16?
11
Calculate the remainder when 44547 is divided by 213.
30
What is the remainder when 22472 is divided by 644?
576
What is the remainder when 3294 is divided by 123?
96
Calculate the remainder when 6546 is divided by 61.
19
Calculate the remainder when 507838 is divided by 138.
136
What is the remainder when 49841 is divided by 1608?
1601
Calculate the remainder when 64293 is divided by 57.
54
What is the remainder when 27854 is divided by 2783?
24
What is the remainder when 1907123 is divided by 125?
123
What is the remainder when 1986 is divided by 644?
54
Calculate the remainder when 9329 is divided by 33.
23
Calculate the remainder when 3057 is divided by 79.
55
Calculate the remainder when 225 is divided by 129.
96
What is the remainder when 32173 is divided by 186?
181
Calculate the remainder when 636 is divided by 127.
1
What is the remainder when 6770 is divided by 295?
280
Calculate the remainder when 20187 is divided by 1833.
24
Calculate the remainder when 1271926 is divided by 38.
28
What is the remainder when 9978 is divided by 205?
138
What is the remainder when 773 is divided by 159?
137
What is the remainder when 8085 is divided by 164?
49
What is the remainder when 349878 is divided by 44?
34
What is the remainder when 2424 is divided by 143?
136
Calculate the remainder when 2198 is divided by 423.
83
Calculate the remainder when 158125 is divided by 315.
310
Calculate the remainder when 2003 is divided by 118.
115
Calculate the remainder when 125885 is divided by 92.
29
What is the remainder when 538629 is divided by 1330?
1309
What is the remainder when 37587 is divided by 9373?
95
Calculate the remainder when 10090 is divided by 721.
717
What is the remainder when 7059 is divided by 209?
162
Calculate the remainder when 266276 is divided by 29.
27
Calculate the remainder when 13856 is divided by 13.
11
What is the remainder when 1188 is divided by 564?
60
What is the remainder when 607 is divided by 45?
22
Calculate the remainder when 42783 is divided by 1380.
3
Calculate the remainder when 97573 is divided by 1436.
1361
What is the remainder when 735 is divided by 82?
79
Calculate the remainder when 6067 is divided by 501.
55
What is the remainder when 330232 is divided by 247?
240
What is the remainder when 164797 is divided by 19?
10
What is the remainder when 2170 is divided by 486?
226
Calculate the remainder when 28440 is divided by 22.
16
What is the remainder when 64762 is divided by 9251?
5
What is the remainder when 15251 is divided by 1064?
355
What is the remainder when 37721 is divided by 75?
71
What is the remainder when 75098 is divided by 1192?
2
Calculate the remainder when 10780 is divided by 153.
70
What is the remainder when 13871 is divided by 878?
701
Calculate the remainder when 41877 is divided by 24.
21
Calculate the remainder when 49742 is divided by 5526.
8
Calculate the remainder when 10831 is divided by 2975.
1906
What is the remainder when 4158 is divided by 103?
38
Calculate the remainder when 29999 is divided by 9995.
14
Calculate the remainder when 11940 is divided by 11851.
89
What is the remainder when 8324 is divided by 78?
56
Calculate the remainder when 23440 is divided by 197.
194
Calculate the remainder when 27785 is divided by 4589.
251
Calculate the remainder when 51689 is divided by 163.
18
What is the remainder when 1475 is divided by 30?
5
What is the remainder when 1364782 is divided by 335?
327
What is the remainder when 456095 is divided by 41?
11
What is the remainder when 7788 is divided by 299?
14
Calculate the remainder when 693 is divided by 43.
5
What is the remainder when 59356 is divided by 822?
172
What is the remainder when 60852 is divided by 5071?
0
What is the remainder when 819 is divided by 262?
33
What is the remainder when 267559 is divided by 411?
409
What is the remainder when 2773 is divided by 1332?
109
What is the remainder when 6710 is divided by 1559?
474
What is the remainder when 84381 is divided by 579?
426
Calculate the remainder when 195 is divided by 53.
36
What is the remainder when 5335 is divided by 47?
24
Calculate the remainder when 1186 is divided by 1098.
88
What is the remainder when 9232 is divided by 1025?
7
What is the remainder when 4351 is divided by 98?
39
What is the remainder when 10297 is divided by 401?
272
What is the remainder when 6275 is divided by 415?
50
Calculate the remainder when 42586 is divided by 325.
11
What is the remainder when 1699 is divided by 12?
7
What is the remainder when 26388 is divided by 300?
288
What is the remainder when 187028 is divided by 13358?
16
What is the remainder when 2253767 is divided by 